{"id":4,"date":"2015-03-03T11:09:22","date_gmt":"2015-03-03T11:09:22","guid":{"rendered":"http:\/\/amber.stylemixthemes.com\/demo\/?page_id=4"},"modified":"2018-01-10T22:15:44","modified_gmt":"2018-01-10T21:15:44","slug":"home","status":"publish","type":"page","link":"https:\/\/utbb.pl\/","title":{"rendered":"Home"},"content":{"rendered":"<div class=\"wpb-content-wrapper\"><p>[vc_row bg_type=&#8221;no_bg&#8221;][vc_column][layerslider_vc id=&#8221;1&#8243;][\/vc_column][\/vc_row][vc_row bg_type=&#8221;bg_color&#8221; bg_override=&#8221;ex-full&#8221; css=&#8221;.vc_custom_1515494870896{padding-top: 80px !important;padding-bottom: 80px !important;background-color: #282828 !important;}&#8221; bg_color_value=&#8221;#ffdd00&#8243;][vc_column width=&#8221;1\/3&#8243;]<div class=\"ult-spacer spacer-69e20a3e290b4\" data-id=\"69e20a3e290b4\" data-height=\"20\" data-height-mobile=\"20\" data-height-tab=\"20\" data-height-tab-portrait=\"20\" data-height-mobile-landscape=\"20\" style=\"clear:both;display:block;\"><\/div>[vc_custom_heading text=&#8221;US\u0141UGI TRANSPORTOWE&#8221; font_container=&#8221;tag:h1|font_size:50px|text_align:left|color:%23000000|line_height:60px&#8221; google_fonts=&#8221;font_family:Oswald%3A300%2Cregular%2C700|font_style:700%20bold%20regular%3A700%3Anormal&#8221; css_animation=&#8221;fadeInLeft&#8221; stm_sep_icon_size=&#8221;30&#8243;]<div class=\"ult-spacer spacer-69e20a3e290bd\" data-id=\"69e20a3e290bd\" data-height=\"12\" data-height-mobile=\"12\" data-height-tab=\"12\" data-height-tab-portrait=\"12\" data-height-mobile-landscape=\"12\" style=\"clear:both;display:block;\"><\/div>[\/vc_column][vc_column width=&#8221;2\/3&#8243;]<div class=\"ult-animation  ult-animate-viewport  ult-no-mobile \" data-animate=\"slideInUp\" data-animation-delay=\"0\" data-animation-duration=\"1\" data-animation-iteration=\"1\" style=\"opacity:0;\" data-opacity_start_effect=\"\"><div class=\"ult-spacer spacer-69e20a3e29104\" data-id=\"69e20a3e29104\" data-height=\"9\" data-height-mobile=\"9\" data-height-tab=\"9\" data-height-tab-portrait=\"9\" data-height-mobile-landscape=\"9\" style=\"clear:both;display:block;\"><\/div>[vc_row_inner][vc_column_inner width=&#8221;1\/2&#8243;][vc_column_text stm_styles=&#8221; style-italic&#8221;]<\/p>\n<h3 style=\"text-align: left;\"><span style=\"color: #000000;\"><b>Samoch\u00f3d ci\u0119\u017carowy MAN<\/b><\/span><\/h3>\n<h4 style=\"color: #000000; text-align: left;\"><i class=\"fa fa-chevron-circle-right\" style=\"color: #000000;\">\u00a0<\/i> \u0142adowno\u015b\u0107 5,3 t<\/h4>\n<h4 style=\"color: #000000; text-align: left;\"><i class=\"fa fa-chevron-circle-right\" style=\"color: #000000;\">\u00a0<\/i> wymiary skrzyni: 3,8 m x 2,2 m<\/h4>\n<h4 style=\"color: #000000; text-align: left;\"><i class=\"fa fa-chevron-circle-right\" style=\"color: #000000;\">\u00a0<\/i> wywrotka 3-stronna<\/h4>\n<h4 style=\"color: #000000; text-align: left;\"><i class=\"fa fa-chevron-circle-right\" style=\"color: #000000;\">\u00a0<\/i> auto zwrotne<\/h4>\n<p>[\/vc_column_text][\/vc_column_inner][vc_column_inner width=&#8221;1\/2&#8243;][vc_column_text stm_styles=&#8221; style-italic&#8221;]<\/p>\n<h3 style=\"text-align: left;\"><span style=\"color: #000000;\"><b>Samoch\u00f3d dostawczy VW LT\u00a0<\/b><\/span><\/h3>\n<h4 style=\"color: #000000; text-align: left;\"><i class=\"fa fa-chevron-circle-right\" style=\"color: #000000;\">\u00a0<\/i> auto DMC 3,5 t<\/h4>\n<h4 style=\"color: #000000; text-align: left;\"><i class=\"fa fa-chevron-circle-right\" style=\"color: #000000;\">\u00a0<\/i> wymiary skrzyni: 3,2 m x 2 m<\/h4>\n<h4 style=\"color: #000000; text-align: left;\"><i class=\"fa fa-chevron-circle-right\" style=\"color: #000000;\">\u00a0<\/i> wywrotka 3-stronna<\/h4>\n<h4 style=\"color: #000000; text-align: left;\"><i class=\"fa fa-chevron-circle-right\" style=\"color: #000000;\">\u00a0<\/i> auto zwrotne<\/h4>\n<p>[\/vc_column_text][\/vc_column_inner][\/vc_row_inner]<div class=\"ult-spacer spacer-69e20a3e29108\" data-id=\"69e20a3e29108\" data-height=\"32\" data-height-mobile=\"32\" data-height-tab=\"32\" data-height-tab-portrait=\"32\" data-height-mobile-landscape=\"32\" style=\"clear:both;display:block;\"><\/div><\/div>[\/vc_column][\/vc_row][vc_row full_width=&#8221;stretch_row&#8221; bg_type=&#8221;image&#8221; parallax_style=&#8221;vcpb-default&#8221; bg_image_new=&#8221;id^1074|url^http:\/\/wp.utbb.pl\/wp-content\/uploads\/2018\/01\/stripes2-1.png|caption^null|alt^null|title^stripes2|description^null&#8221; bg_image_size=&#8221;contain&#8221;][vc_column]<div class=\"ult-spacer spacer-69e20a3e29112\" data-id=\"69e20a3e29112\" data-height=\"32\" data-height-mobile=\"32\" data-height-tab=\"32\" data-height-tab-portrait=\"32\" data-height-mobile-landscape=\"32\" style=\"clear:both;display:block;\"><\/div>[\/vc_column][\/vc_row][vc_row bg_type=&#8221;bg_color&#8221; bg_override=&#8221;ex-full&#8221; css=&#8221;.vc_custom_1515496578349{padding-top: 75px !important;padding-bottom: 29px !important;}&#8221; bg_color_value=&#8221;#ffffff&#8221;][vc_column width=&#8221;1\/3&#8243;][vc_row_inner][vc_column_inner width=&#8221;1\/4&#8243;][vc_single_image image=&#8221;1070&#8243; img_size=&#8221;full&#8221;][\/vc_column_inner][vc_column_inner width=&#8221;3\/4&#8243;][vc_custom_heading text=&#8221;Legnica i okolice.<br \/>\nTransport na terenie kraju.&#8221; font_container=&#8221;tag:h1|font_size:22px|text_align:left|color:%23000000|line_height:28px&#8221; google_fonts=&#8221;font_family:Oswald%3A300%2Cregular%2C700|font_style:700%20bold%20regular%3A700%3Anormal&#8221; css_animation=&#8221;fadeInLeft&#8221; stm_sep_icon_size=&#8221;30&#8243;][\/vc_column_inner][\/vc_row_inner]<div class=\"ult-spacer spacer-69e20a3e29119\" data-id=\"69e20a3e29119\" data-height=\"57\" data-height-mobile=\"57\" data-height-tab=\"57\" data-height-tab-portrait=\"57\" data-height-mobile-landscape=\"57\" style=\"clear:both;display:block;\"><\/div>[\/vc_column][vc_column width=&#8221;2\/3&#8243;][vc_column_text css=&#8221;.vc_custom_1515496934779{padding-bottom: 30px !important;}&#8221;]<\/p>\n<h4 style=\"color: #000000; text-align: left;\">Firma dzia\u0142a na rynku od 2011 roku. \u015awiadczy us\u0142ugi transportowe g\u0142\u00f3wnie na terenie Legnicy, jej okolic, a tak\u017ce na terenie ca\u0142ego kraju. Przewozy s\u0105 wykonywane ma\u0142ymi<br \/>\ni zwrotnymi samochodami umo\u017cliwiaj\u0105cymi dojazd w trudno dost\u0119pne miejsca<br \/>\nnp. ogr\u00f3dki dzia\u0142kowe. Samochody s\u0105 wyposa\u017cone w wywrotk\u0119 3-stronn\u0105.<\/h4>\n<p>[\/vc_column_text][\/vc_column][\/vc_row][vc_row bg_type=&#8221;bg_color&#8221; bg_override=&#8221;ex-full&#8221; bg_color_value=&#8221;#d2cec2&#8243; css=&#8221;.vc_custom_1427803471819{padding-top: 75px !important;padding-bottom: 71px !important;}&#8221;][vc_column width=&#8221;1\/3&#8243; stm_styles=&#8221;style-1 &#8222;][vc_single_image image=&#8221;1003&#8243; img_size=&#8221;500&#215;403&#8243; css_animation=&#8221;fadeInRight&#8221; stm_single_image_style=&#8221; style-1&#8243;][\/vc_column][vc_column width=&#8221;2\/3&#8243;]<div class=\"ult-animation  ult-animate-viewport  ult-no-mobile \" data-animate=\"fadeIn\" data-animation-delay=\"0\" data-animation-duration=\"3\" data-animation-iteration=\"1\" style=\"opacity:0;\" data-opacity_start_effect=\"\"><div class=\"ult-spacer spacer-69e20a3e29132\" data-id=\"69e20a3e29132\" data-height=\"0\" data-height-mobile=\"0\" data-height-tab=\"0\" data-height-tab-portrait=\"0\" data-height-mobile-landscape=\"0\" style=\"clear:both;display:block;\"><\/div>[vc_custom_heading text=&#8221;Firma specjalizuje si\u0119 przede wszystkim<br \/>\nw przewozie:&#8221; font_container=&#8221;tag:h2|text_align:left|color:%23000000&#8243; google_fonts=&#8221;font_family:Roboto%20Condensed%3A300%2C300italic%2Cregular%2Citalic%2C700%2C700italic|font_style:700%20bold%20regular%3A700%3Anormal&#8221; stm_sep_icon_size=&#8221;30&#8243; css=&#8221;.vc_custom_1515529751570{margin-bottom: 0px !important;}&#8221;]<div class=\"ult-spacer spacer-69e20a3e29135\" data-id=\"69e20a3e29135\" data-height=\"44\" data-height-mobile=\"44\" data-height-tab=\"44\" data-height-tab-portrait=\"44\" data-height-mobile-landscape=\"44\" style=\"clear:both;display:block;\"><\/div><\/div>[vc_row_inner][vc_column_inner width=&#8221;1\/2&#8243;]<div class=\"ult-animation  ult-animate-viewport  ult-no-mobile \" data-animate=\"fadeInLeft\" data-animation-delay=\"0\" data-animation-duration=\"1.5\" data-animation-iteration=\"1\" style=\"opacity:0;\" data-opacity_start_effect=\"\"><div class=\"info_box\"><h4>piasku, \u017cwiru<\/h4><div class=\"info-box_separator\"><div class=\"line\"><\/div><\/div><\/div><\/div>[\/vc_column_inner][vc_column_inner width=&#8221;1\/2&#8243;]<div class=\"ult-animation  ult-animate-viewport  ult-no-mobile \" data-animate=\"fadeInLeft\" data-animation-delay=\"0.5\" data-animation-duration=\"1.5\" data-animation-iteration=\"1\" style=\"opacity:0;\" data-opacity_start_effect=\"\"><div class=\"info_box\"><h4>gruzu, ziemi, humusu<\/h4><div class=\"info-box_separator\"><div class=\"line\"><\/div><\/div><\/div><\/div>[\/vc_column_inner][\/vc_row_inner][vc_row_inner][vc_column_inner width=&#8221;1\/2&#8243;]<div class=\"ult-animation  ult-animate-viewport  ult-no-mobile \" data-animate=\"fadeInLeft\" data-animation-delay=\"1\" data-animation-duration=\"1.5\" data-animation-iteration=\"1\" style=\"opacity:0;\" data-opacity_start_effect=\"\"><div class=\"info_box\"><h4>kamieni ozdobnych, otoczak\u00f3w<\/h4><div class=\"info-box_separator\"><div class=\"line\"><\/div><\/div><\/div><\/div>[\/vc_column_inner][vc_column_inner width=&#8221;1\/2&#8243;]<div class=\"ult-animation  ult-animate-viewport  ult-no-mobile \" data-animate=\"fadeInLeft\" data-animation-delay=\"1.5\" data-animation-duration=\"1.5\" data-animation-iteration=\"1\" style=\"opacity:0;\" data-opacity_start_effect=\"\"><div class=\"info_box\"><h4>materia\u0142\u00f3w budowlanych<\/h4><div class=\"info-box_separator\"><div class=\"line\"><\/div><\/div><\/div><\/div>[\/vc_column_inner][\/vc_row_inner][vc_row_inner][vc_column_inner width=&#8221;1\/2&#8243;]<div class=\"ult-animation  ult-animate-viewport  ult-no-mobile \" data-animate=\"fadeInLeft\" data-animation-delay=\"1\" data-animation-duration=\"1.5\" data-animation-iteration=\"1\" style=\"opacity:0;\" data-opacity_start_effect=\"\"><div class=\"info_box\"><h4>posp\u00f3\u0142ki, posypek<\/h4><div class=\"info-box_separator\"><div class=\"line\"><\/div><\/div><\/div><\/div>[\/vc_column_inner][vc_column_inner width=&#8221;1\/2&#8243;]<div class=\"ult-animation  ult-animate-viewport  ult-no-mobile \" data-animate=\"fadeInLeft\" data-animation-delay=\"1.5\" data-animation-duration=\"1.5\" data-animation-iteration=\"1\" style=\"opacity:0;\" data-opacity_start_effect=\"\"><div class=\"info_box\"><h4>drewna budowlanego i kominkowego<\/h4><div class=\"info-box_separator\"><div class=\"line\"><\/div><\/div><\/div><\/div>[\/vc_column_inner][\/vc_row_inner][vc_row_inner][vc_column_inner width=&#8221;1\/2&#8243;]<div class=\"ult-animation  ult-animate-viewport  ult-no-mobile \" data-animate=\"fadeInLeft\" data-animation-delay=\"1\" data-animation-duration=\"1.5\" data-animation-iteration=\"1\" style=\"opacity:0;\" data-opacity_start_effect=\"\"><div class=\"info_box\"><h4>t\u0142ucznia granitowego i bazaltowego<\/h4><div class=\"info-box_separator\"><div class=\"line\"><\/div><\/div><\/div><\/div>[\/vc_column_inner][vc_column_inner width=&#8221;1\/2&#8243;]<div class=\"ult-animation  ult-animate-viewport  ult-no-mobile \" data-animate=\"fadeInLeft\" data-animation-delay=\"1.5\" data-animation-duration=\"1.5\" data-animation-iteration=\"1\" style=\"opacity:0;\" data-opacity_start_effect=\"\"><div class=\"info_box\"><h4>kostki granitowej, piaskowca<\/h4><div class=\"info-box_separator\"><div class=\"line\"><\/div><\/div><\/div><\/div>[\/vc_column_inner][\/vc_row_inner][vc_row_inner][vc_column_inner width=&#8221;1\/2&#8243;]<div class=\"ult-animation  ult-animate-viewport  ult-no-mobile \" data-animate=\"fadeInLeft\" data-animation-delay=\"1\" data-animation-duration=\"1.5\" data-animation-iteration=\"1\" style=\"opacity:0;\" data-opacity_start_effect=\"\"><div class=\"info_box\"><h4>ga\u0142\u0119zi i korzeni<\/h4><div class=\"info-box_separator\"><div class=\"line\"><\/div><\/div><\/div><\/div>[\/vc_column_inner][vc_column_inner width=&#8221;1\/2&#8243;]<div class=\"ult-animation  ult-animate-viewport  ult-no-mobile \" data-animate=\"fadeInLeft\" data-animation-delay=\"1.5\" data-animation-duration=\"1.5\" data-animation-iteration=\"1\" style=\"opacity:0;\" data-opacity_start_effect=\"\"><div class=\"info_box\"><h4>i innych.<\/h4><div class=\"info-box_separator\"><div class=\"line\"><\/div><\/div><\/div><\/div><div class=\"ult-spacer spacer-69e20a3e299a2\" data-id=\"69e20a3e299a2\" data-height=\"32\" data-height-mobile=\"32\" data-height-tab=\"32\" data-height-tab-portrait=\"32\" data-height-mobile-landscape=\"32\" style=\"clear:both;display:block;\"><\/div>[\/vc_column_inner][\/vc_row_inner][\/vc_column][\/vc_row][vc_row bg_type=&#8221;bg_color&#8221; bg_override=&#8221;ex-full&#8221; css=&#8221;.vc_custom_1515434833089{padding-top: 46px !important;padding-bottom: 46px !important;background-color: #282828 !important;}&#8221; bg_color_value=&#8221;#56534a&#8221;][vc_column][vc_custom_heading text=&#8221;W razie w\u0105tpliwo\u015bci lub pyta\u0144 &#8211; prosz\u0119 o kontakt.&#8221; font_container=&#8221;tag:h1|font_size:40px|text_align:center|color:%23ffdd00|line_height:50px&#8221; google_fonts=&#8221;font_family:Oswald%3A300%2Cregular%2C700|font_style:700%20bold%20regular%3A700%3Anormal&#8221; stm_sep_icon_size=&#8221;30&#8243;]<div class=\"ult-spacer spacer-69e20a3e299a7\" data-id=\"69e20a3e299a7\" data-height=\"57\" data-height-mobile=\"57\" data-height-tab=\"57\" data-height-tab-portrait=\"57\" data-height-mobile-landscape=\"57\" style=\"clear:both;display:block;\"><\/div><div class=\"ult-animation  ult-animate-viewport  ult-no-mobile \" data-animate=\"slideInLeft\" data-animation-delay=\"0\" data-animation-duration=\"1.5\" data-animation-iteration=\"1\" style=\"opacity:0;\" data-opacity_start_effect=\"\">\n<div class=\"wpcf7 no-js\" id=\"wpcf7-f5-o1\" lang=\"pl-PL\" dir=\"ltr\" data-wpcf7-id=\"5\">\n<div class=\"screen-reader-response\"><p role=\"status\" aria-live=\"polite\" aria-atomic=\"true\"><\/p> <ul><\/ul><\/div>\n<form action=\"\/index.php\/wp-json\/wp\/v2\/pages\/4#wpcf7-f5-o1\" method=\"post\" class=\"wpcf7-form init\" aria-label=\"Formularz kontaktowy\" novalidate=\"novalidate\" data-status=\"init\">\n<fieldset class=\"hidden-fields-container\"><input type=\"hidden\" name=\"_wpcf7\" value=\"5\" \/><input type=\"hidden\" name=\"_wpcf7_version\" value=\"6.1.5\" \/><input type=\"hidden\" name=\"_wpcf7_locale\" value=\"pl_PL\" \/><input type=\"hidden\" name=\"_wpcf7_unit_tag\" value=\"wpcf7-f5-o1\" \/><input type=\"hidden\" name=\"_wpcf7_container_post\" value=\"0\" \/><input type=\"hidden\" name=\"_wpcf7_posted_data_hash\" value=\"\" \/>\n<\/fieldset>\n<div class=\"vc_col-sm-6\">\n\t<p><span class=\"wpcf7-form-control-wrap\" data-name=\"your-name\"><input size=\"40\" maxlength=\"400\" class=\"wpcf7-form-control wpcf7-text wpcf7-validates-as-required\" aria-required=\"true\" aria-invalid=\"false\" placeholder=\"Imi\u0119 i Nazwisko\" value=\"\" type=\"text\" name=\"your-name\" \/><\/span>\n\t<\/p>\n\t<p><span class=\"wpcf7-form-control-wrap\" data-name=\"your-email\"><input size=\"40\" maxlength=\"400\" class=\"wpcf7-form-control wpcf7-email wpcf7-validates-as-required wpcf7-text wpcf7-validates-as-email\" aria-required=\"true\" aria-invalid=\"false\" placeholder=\"E-mail\" value=\"\" type=\"email\" name=\"your-email\" \/><\/span>\n\t<\/p>\n\t<p><input class=\"wpcf7-form-control wpcf7-submit has-spinner\" type=\"submit\" value=\"Wy\u015blij\" \/>\n\t<\/p>\n<\/div>\n<div class=\"vc_col-sm-6\">\n\t<p><span class=\"wpcf7-form-control-wrap\" data-name=\"your-message\"><textarea cols=\"40\" rows=\"10\" maxlength=\"2000\" class=\"wpcf7-form-control wpcf7-textarea\" aria-invalid=\"false\" placeholder=\"Tre\u015b\u0107\" name=\"your-message\"><\/textarea><\/span>\n\t<\/p>\n<\/div><div class=\"wpcf7-response-output\" aria-hidden=\"true\"><\/div>\n<\/form>\n<\/div>\n<\/div>[\/vc_column][\/vc_row][vc_row full_width=&#8221;stretch_row&#8221; bg_type=&#8221;image&#8221; parallax_style=&#8221;vcpb-default&#8221; bg_image_new=&#8221;id^1074|url^http:\/\/wp.utbb.pl\/wp-content\/uploads\/2018\/01\/stripes2-1.png|caption^null|alt^null|title^stripes2|description^null&#8221; bg_image_size=&#8221;contain&#8221; el_id=&#8221;kontakt&#8221;][vc_column]<div class=\"ult-spacer spacer-69e20a3e29d93\" data-id=\"69e20a3e29d93\" data-height=\"32\" data-height-mobile=\"32\" data-height-tab=\"32\" data-height-tab-portrait=\"32\" data-height-mobile-landscape=\"32\" style=\"clear:both;display:block;\"><\/div>[\/vc_column][\/vc_row]<\/p>\n<\/div>","protected":false},"excerpt":{"rendered":"<p>[vc_row bg_type=&#8221;no_bg&#8221;][vc_column][layerslider_vc id=&#8221;1&#8243;][\/vc_column][\/vc_row][vc_row bg_type=&#8221;bg_color&#8221; bg_override=&#8221;ex-full&#8221; css=&#8221;.vc_custom_1515494870896{padding-top: 80px !important;padding-bottom: 80px !important;background-color: #282828 !important;}&#8221; bg_color_value=&#8221;#ffdd00&#8243;][vc_column width=&#8221;1\/3&#8243;][vc_custom_heading text=&#8221;US\u0141UGI TRANSPORTOWE&#8221; font_container=&#8221;tag:h1|font_size:50px|text_align:left|color:%23000000|line_height:60px&#8221; google_fonts=&#8221;font_family:Oswald%3A300%2Cregular%2C700|font_style:700%20bold%20regular%3A700%3Anormal&#8221; css_animation=&#8221;fadeInLeft&#8221; stm_sep_icon_size=&#8221;30&#8243;][\/vc_column][vc_column&#8230;<\/p>\n","protected":false},"author":1,"featured_media":0,"parent":0,"menu_order":0,"comment_status":"closed","ping_status":"closed","template":"","meta":{"_exactmetrics_skip_tracking":false,"_exactmetrics_sitenote_active":false,"_exactmetrics_sitenote_note":"","_exactmetrics_sitenote_category":0,"footnotes":""},"class_list":["post-4","page","type-page","status-publish","hentry"],"_links":{"self":[{"href":"https:\/\/utbb.pl\/index.php\/wp-json\/wp\/v2\/pages\/4","targetHints":{"allow":["GET"]}}],"collection":[{"href":"https:\/\/utbb.pl\/index.php\/wp-json\/wp\/v2\/pages"}],"about":[{"href":"https:\/\/utbb.pl\/index.php\/wp-json\/wp\/v2\/types\/page"}],"author":[{"embeddable":true,"href":"https:\/\/utbb.pl\/index.php\/wp-json\/wp\/v2\/users\/1"}],"replies":[{"embeddable":true,"href":"https:\/\/utbb.pl\/index.php\/wp-json\/wp\/v2\/comments?post=4"}],"version-history":[{"count":73,"href":"https:\/\/utbb.pl\/index.php\/wp-json\/wp\/v2\/pages\/4\/revisions"}],"predecessor-version":[{"id":1122,"href":"https:\/\/utbb.pl\/index.php\/wp-json\/wp\/v2\/pages\/4\/revisions\/1122"}],"wp:attachment":[{"href":"https:\/\/utbb.pl\/index.php\/wp-json\/wp\/v2\/media?parent=4"}],"curies":[{"name":"wp","href":"https:\/\/api.w.org\/{rel}","templated":true}]}}